test common factor of 434 and 143654?
434
Calculate the highest common factor of 3087185 and 3320.
415
What is the greatest common divisor of 54 and 1614?
6
Calculate the highest common factor of 171 and 259.
1
What is the highest common divisor of 368020 and 20?
20
What is the greatest common factor of 19642 and 49?
7
Calculate the highest common divisor of 609946 and 326.
326
Calculate the highest common divisor of 10602 and 25668.
558
What is the greatest common factor of 205788 and 132?
132
Calculate the highest common divisor of 60 and 8676.
12
Calculate the greatest common factor of 38661 and 294.
147
Calculate the greatest common divisor of 1845702 and 72.
18
What is the highest common divisor of 11102 and 248514?
854
What is the greatest common divisor of 945 and 57780?
135
What is the greatest common divisor of 3081 and 3159?
39
Calculate the highest common divisor of 60 and 2583060.
60
What is the greatest common factor of 11653 and 1247?
43
Calculate the highest common divisor of 136 and 8857.
17
Calculate the highest common divisor of 49502 and 36.
2
Calculate the highest common divisor of 51 and 567069.
51
What is the highest common factor of 69573 and 63?
21
What is the highest common divisor of 70794 and 1197?
171
Calculate the highest common divisor of 2359680 and 5760.
1920
Calculate the highest common divisor of 1788 and 824864.
596
What is the highest common divisor of 490040 and 70?
10
What is the greatest common divisor of 9342 and 28998?
54
Calculate the highest common divisor of 596642 and 538.
538
Calculate the greatest common divisor of 767 and 441818.
13
What is the highest common factor of 67 and 95743?
67
Calculate the highest common divisor of 3132 and 17516.
116
Calculate the highest common factor of 418 and 5467.
11
Calculate the highest common factor of 4 and 9428.
4
Calculate the greatest common factor of 33 and 1045.
11
Calculate the highest common divisor of 450 and 163950.
150
Calculate the highest common divisor of 35 and 29708.
7
What is the greatest common divisor of 303250 and 25?
25
What is the highest common divisor of 2337988 and 76?
76
What is the greatest common divisor of 44 and 245762?
22
What is the highest common factor of 13419 and 8883?
189
Calculate the highest common divisor of 1474 and 72578.
22
Calculate the greatest common divisor of 12366 and 378.
54
What is the highest common divisor of 13071674 and 66?
22
Calculate the highest common factor of 1403311 and 26.
13
What is the highest common factor of 242 and 66671?
121
What is the highest common divisor of 2930 and 380?
10
Calculate the highest common divisor of 4379 and 14647.
151
What is the highest common divisor of 1583 and 131?
1
What is the greatest common factor of 27984 and 23232?
528
What is the highest common factor of 62 and 548018?
62
What is the highest common factor of 450740 and 280?
20
What is the greatest common divisor of 4991 and 49?
7
Calculate the greatest common factor of 591396 and 3536.
884
What is the greatest common divisor of 484255 and 5?
5
What is the highest common divisor of 2035 and 97865?
185
Calculate the greatest common factor of 53 and 315.
1
What is the greatest common factor of 109969 and 8734?
397
What is the greatest common divisor of 558 and 11952?
18
Calculate the highest common divisor of 22 and 87076.
22
What is the greatest common divisor of 72834 and 5174?
398
What is the highest common divisor of 135 and 259965?
45
What is the greatest common divisor of 132474 and 30?
6
What is the highest common divisor of 99 and 3087?
9
What is the highest common factor of 2871 and 4263?
87
What is the greatest common factor of 601250 and 5291?
481
What is the greatest common factor of 36176 and 38?
38
Calculate the highest common factor of 425672 and 104.
104
What is the greatest common factor of 27713 and 321?
107
Calculate the greatest common factor of 3456963 and 27.
9
What is the greatest common divisor of 449631 and 10248?
1281
What is the greatest common divisor of 2722734 and 63?
63
What is the highest common factor of 98080 and 80?
80
Calculate the greatest common factor of 1745720 and 57.
19
What is the highest common divisor of 124 and 2172?
4
Calculate the greatest common divisor of 85794 and 9231.
543
What is the greatest common factor of 51 and 104928?
3
Calculate the highest common divisor of 6399 and 5767.
79
Calculate the highest common divisor of 63848 and 24.
8
Calculate the highest common divisor of 5603832 and 936.
936
What is the greatest common factor of 285 and 3230?
95
Calculate the highest common factor of 1410 and 490.
10
What is the highest common divisor of 1841 and 301?
7
Calculate the greatest common divisor of 52 and 28054.
26
What is the greatest common divisor of 595 and 6120?
85
Calculate the highest common factor of 19671 and 166.
83
Calculate the greatest common divisor of 7647980 and 860.
860
Calculate the greatest common factor of 167 and 73981.
167
Calculate the greatest common divisor of 95841 and 828.
207
What is the greatest common divisor of 18384 and 4560?
48
What is the greatest common divisor of 121878 and 15?
3
What is the greatest common factor of 13 and 84097?
13
Calculate the greatest common factor of 8592 and 467548.
716
Calculate the greatest common factor of 110162 and 27911.
247
Calculate the greatest common divisor of 51786 and 56.
14
Calculate the greatest common divisor of 5544 and 7414.
22
What is the greatest common divisor of 13 and 4086563?
13
Calculate the greatest common factor of 14355 and 110.
55
Calculate the highest common factor of 64 and 745200.
16
What is the highest common divisor of 741 and 2340?
39
What is the greatest common factor of 36210 and 7480?
170
What is the greatest common divisor of 12360 and 105?
15
Calculate the greatest common divisor of 444 and 232989.
111
Calculate the highest common divisor of 979 and 3204.
89
Calculate the greatest common factor of 31758 and 260094.
402
Calculate the greatest common divisor of 16 and 183480.
8
Calculate the highest common divisor of 144 and 1863.
9
Calculate the highest common divisor of 392770 and 1302.
434
What is the highest common factor of 1986 and 1416?
6
What is the highest common factor of 3978 and 17459?
221
What is the greatest common factor of 1231353 and 142?
71
Calculate the greatest common divisor of 2158 and 2407.
83
Calculate the greatest common factor of 5 and 22905.
5
Calculate the highest common factor of 2760 and 732.
12
Calculate the greatest common divisor of 696 and 134328.
696
What is the greatest common divisor of 614 and 1536842?
614
What is the greatest common factor of 5216 and 4128?
32
What is the highest common divisor of 248 and 13064?
8
What is the greatest common divisor of 21 and 594937?
7
What is the greatest common factor of 790 and 12245?
395
Calculate the greatest common divisor of 413 and 112.
7
What is the greatest common factor of 2244 and 3916?
44
What is the greatest common divisor of 291 and 135606?
291
Calculate the highest common divisor of 20723 and 134249.
901
Calculate the greatest common factor of 7 and 1757.
7
Calculate the highest common divisor of 297 and 1639.
11
What is the greatest common factor of 26 and 404183?
13
What is the highest common divisor of 23496 and 1056?
264
Calculate the greatest common factor of 9430 and 5822.
82
Calculate the highest common factor of 2324328 and 16.
8
Calculate the highest common divisor of 122 and 282430.
122
What is the highest common factor of 334 and 167?
167
Calculate the highest common divisor of 651 and 936789.
651
What is the highest common divisor of 315 and 9540?
45
What is the highest common divisor of 4604 and 232?
4
Calculate the greatest common factor of 280 and 128660.
140
Calculate the highest common divisor of 10304 and 152.
8
What is the highest common divisor of 204 and 2694?
6
Calculate the greatest common divisor of 896 and 304.
16
Calculate the greatest common divisor of 89948 and 1393.
199
Calculate the greatest common divisor of 102785 and 610.
305
What is the highest common divisor of 17546 and 372?
62
Calculate the greatest common divisor of 96 and 435576.
24
Calculate the highest common divisor of 120 and 84885.
15
What is the greatest common divisor of 92939 an